{"id":6,"date":"2021-05-31T19:38:37","date_gmt":"2021-05-31T19:38:37","guid":{"rendered":"http:\/\/ogv-floss.de\/?page_id=6"},"modified":"2025-12-28T10:26:39","modified_gmt":"2025-12-28T09:26:39","slug":"home","status":"publish","type":"page","link":"https:\/\/ogv-floss.de\/","title":{"rendered":"Home"},"content":{"rendered":"\n<div class=\"wp-block-getwid-section hbild alignfull getwid-anim fadeIn\" data-wow-duration=\"2000ms\" data-wow-delay=\"100ms\"><div class=\"wp-block-getwid-section__wrapper\" style=\"min-height:55vh\"><div class=\"wp-block-getwid-section__inner-wrapper\"><div class=\"wp-block-getwid-section__background-holder\"><div class=\"wp-block-getwid-section__background\" style=\"background-image:url('http:\/\/ogv-floss.de\/wp-content\/uploads\/2021\/05\/FotoleisteStartseite-scaled.jpg')\"><div class=\"wp-block-getwid-section__background-image-wrapper\"><img decoding=\"async\" class=\"wp-block-getwid-section__background-image\" src=\"http:\/\/ogv-floss.de\/wp-content\/uploads\/2021\/05\/FotoleisteStartseite-scaled.jpg\" alt=\"\"\/><\/div><\/div><div class=\"wp-block-getwid-section__foreground\"><\/div><\/div><div class=\"wp-block-getwid-section__content\"><div class=\"wp-block-getwid-section__inner-content\"><\/div><\/div><\/div><\/div><\/div>\n\n\n\n<div class=\"wp-block-getwid-section ogheading alignwide alignwide getwid-anim fadeInDown getwid-section-content-custom-width\" data-wow-duration=\"2000ms\" data-wow-delay=\"50ms\"><div class=\"wp-block-getwid-section__wrapper\" style=\"min-height:12vh\"><div class=\"wp-block-getwid-section__inner-wrapper\" style=\"max-width:1000px\"><div class=\"wp-block-getwid-section__background-holder\"><div class=\"wp-block-getwid-section__background has-background\" style=\"background-color:#acc600\"><\/div><div class=\"wp-block-getwid-section__foreground\" style=\"mix-blend-mode:\"><\/div><\/div><div class=\"wp-block-getwid-section__content\"><div class=\"wp-block-getwid-section__inner-content\">\n<h1 class=\"wp-block-heading has-text-align-left has-nv-c-2-color has-text-color\">Obst- und Gartenbauverein Flo\u00df und Umgebung<\/h1>\n<\/div><\/div><\/div><\/div><\/div>\n\n\n\n<div class=\"wp-block-getwid-section whiteog alignwide alignwide getwid-anim fadeInUp getwid-section-content-custom-width\" data-wow-duration=\"2000ms\" data-wow-delay=\"50ms\"><div class=\"wp-block-getwid-section__wrapper getwid-align-items-flex-start\" style=\"min-height:50vh\"><div class=\"wp-block-getwid-section__inner-wrapper\" style=\"max-width:1000px\"><div class=\"wp-block-getwid-section__background-holder\"><div class=\"wp-block-getwid-section__background has-background has-nv-text-dark-bg-background-color\"><\/div><div class=\"wp-block-getwid-section__foreground\"><\/div><\/div><div class=\"wp-block-getwid-section__content\"><div class=\"wp-block-getwid-section__inner-content\">\n<div class=\"wp-block-group\"><div class=\"wp-block-group__inner-container is-layout-flow wp-block-group-is-layout-flow\"><div class=\"wp-block-image logostart\">\n<figure class=\"aligncenter size-medium is-resized\"><img loading=\"lazy\" decoding=\"async\" width=\"300\" height=\"265\" src=\"http:\/\/ogv-floss.de\/wp-content\/uploads\/2021\/06\/LogoOGVFloskeintextweis-300x265.png\" alt=\"\" class=\"wp-image-155\" style=\"width:92px;height:81px\" srcset=\"https:\/\/ogv-floss.de\/wp-content\/uploads\/2021\/06\/LogoOGVFloskeintextweis-300x265.png 300w, https:\/\/ogv-floss.de\/wp-content\/uploads\/2021\/06\/LogoOGVFloskeintextweis-1024x903.png 1024w, https:\/\/ogv-floss.de\/wp-content\/uploads\/2021\/06\/LogoOGVFloskeintextweis-768x677.png 768w, https:\/\/ogv-floss.de\/wp-content\/uploads\/2021\/06\/LogoOGVFloskeintextweis-1536x1355.png 1536w, https:\/\/ogv-floss.de\/wp-content\/uploads\/2021\/06\/LogoOGVFloskeintextweis.png 1720w\" sizes=\"auto, (max-width: 300px) 100vw, 300px\" \/><\/figure>\n<\/div><\/div><\/div>\n\n\n\n<p class=\"has-text-align-center has-nv-dark-bg-color has-text-color\">Gr\u00fc\u00df Gott und herzlich willkommen beim Obst- und Gartenbauverein Flo\u00df und Umgebung!<\/p>\n\n\n\n<p class=\"has-text-align-center has-nv-dark-bg-color has-text-color\">\u201eMit allen Sinnen garteln, die Natur erleben, gemeinsam sch\u00f6ne Feste feiern, sich Fachwissen aneignen, nachhaltig handeln und in die<br>Zukunft wirken\u201c \u2013 das sind die Ziele des Obst- und Gartenbauvereins Flo\u00df und Umgebung.<br>Wollen Sie mehr dar\u00fcber erfahren?<br>Auf den folgenden Seiten k\u00f6nnen Sie sich umfassend \u00fcber unseren Verein, seine Geschichte und Philosophie, seine Kinder- und Jugendgruppen <br>&#8222;Die Flosser Gartenkr\u00e4hen\u201c und die Bahnhofskr\u00e4hen, den Kreislehrgarten sowie \u00fcber ein buntes Angebot an Veranstaltungen, Kursen, Fortbildungen informieren.<br>Viel Spa\u00df beim Schm\u00f6kern!<\/p>\n\n\n\n<p class=\"has-text-align-center has-nv-dark-bg-color has-text-color\">Ihr Obst- und Gartenbauverein Flo\u00df und Umgebung<\/p>\n\n\n<div class=\"wp-block-image\">\n<figure class=\"aligncenter size-full\"><img loading=\"lazy\" decoding=\"async\" width=\"353\" height=\"75\" src=\"https:\/\/ogv-floss.de\/wp-content\/uploads\/2025\/05\/quad_logo.jpg\" alt=\"\" class=\"wp-image-2153\" srcset=\"https:\/\/ogv-floss.de\/wp-content\/uploads\/2025\/05\/quad_logo.jpg 353w, https:\/\/ogv-floss.de\/wp-content\/uploads\/2025\/05\/quad_logo-300x64.jpg 300w\" sizes=\"auto, (max-width: 353px) 100vw, 353px\" \/><\/figure>\n<\/div><\/div><\/div><\/div><\/div><\/div>\n\n\n\n<div class=\"wp-block-columns is-layout-flex wp-container-core-columns-is-layout-9d6595d7 wp-block-columns-is-layout-flex\"><\/div>\n\n\n<div class=\"modal-window\" id=\"modal-window-3\" role=\"dialog\" aria-modal=\"true\" aria-labelledby=\"modal-title-3\"  aria-live=\"off\"><div class=\"modal-window__wrapper\"><div class=\"modal-window__content\"><div class=\"modal-window__content-wrapper\"><div class=\"modal-window__title\" id=\"modal-title-3\"><\/div><div class=\"modal-window__content-main\"><p>&nbsp;<\/p>\r\n<p>&nbsp;<\/p>\r\n<p><img loading=\"lazy\" decoding=\"async\" class=\"wp-image-2250 aligncenter\" src=\"https:\/\/ogv-floss.de\/wp-content\/uploads\/2026\/04\/Muttertagsbasteln26-212x300.jpg\" alt=\"\" width=\"442\" height=\"625\" srcset=\"https:\/\/ogv-floss.de\/wp-content\/uploads\/2026\/04\/Muttertagsbasteln26-212x300.jpg 212w, https:\/\/ogv-floss.de\/wp-content\/uploads\/2026\/04\/Muttertagsbasteln26-724x1024.jpg 724w, https:\/\/ogv-floss.de\/wp-content\/uploads\/2026\/04\/Muttertagsbasteln26-768x1086.jpg 768w, https:\/\/ogv-floss.de\/wp-content\/uploads\/2026\/04\/Muttertagsbasteln26-1086x1536.jpg 1086w, https:\/\/ogv-floss.de\/wp-content\/uploads\/2026\/04\/Muttertagsbasteln26-1448x2048.jpg 1448w, https:\/\/ogv-floss.de\/wp-content\/uploads\/2026\/04\/Muttertagsbasteln26.jpg 1587w\" sizes=\"auto, (max-width: 442px) 100vw, 442px\" \/><\/p><\/div><\/div><div class=\"modal-window__close -image\" tabindex=\"0\" role=\"button\" aria-label=\"Close\"><\/div><\/div><\/div><div class=\"modal-float-button is-inactive is-right wow-modal-id-3\">Feedback<\/div><\/div>\n","protected":false},"excerpt":{"rendered":"","protected":false},"author":2,"featured_media":0,"parent":0,"menu_order":0,"comment_status":"closed","ping_status":"closed","template":"page-templates\/template-pagebuilder-full-width.php","meta":{"advgb_blocks_editor_width":"","advgb_blocks_columns_visual_guide":"","neve_meta_sidebar":"","neve_meta_container":"","neve_meta_enable_content_width":"on","neve_meta_content_width":100,"neve_meta_title_alignment":"","neve_meta_author_avatar":"","neve_post_elements_order":"","neve_meta_disable_header":"","neve_meta_disable_footer":"","neve_meta_disable_title":"on","pgc_sgb_lightbox_settings":"","_themeisle_gutenberg_block_has_review":false,"footnotes":""},"class_list":["post-6","page","type-page","status-publish","hentry"],"coauthors":[],"author_meta":{"author_link":"https:\/\/ogv-floss.de\/?author=2","display_name":"Jonathan"},"relative_dates":{"created":"Ver\u00f6ffentlicht 5\u00a0Jahren vor","modified":"Aktualisiert 4\u00a0Monaten vor"},"absolute_dates":{"created":"Ver\u00f6ffentlicht am 31. Mai 2021","modified":"Aktualisiert am 28. Dezember 2025"},"absolute_dates_time":{"created":"Ver\u00f6ffentlicht am 31. Mai 2021 19:38","modified":"Aktualisiert am 28. Dezember 2025 10:26"},"featured_img_caption":"","featured_img":false,"series_order":"","_links":{"self":[{"href":"https:\/\/ogv-floss.de\/index.php?rest_route=\/wp\/v2\/pages\/6","targetHints":{"allow":["GET"]}}],"collection":[{"href":"https:\/\/ogv-floss.de\/index.php?rest_route=\/wp\/v2\/pages"}],"about":[{"href":"https:\/\/ogv-floss.de\/index.php?rest_route=\/wp\/v2\/types\/page"}],"author":[{"embeddable":true,"href":"https:\/\/ogv-floss.de\/index.php?rest_route=\/wp\/v2\/users\/2"}],"replies":[{"embeddable":true,"href":"https:\/\/ogv-floss.de\/index.php?rest_route=%2Fwp%2Fv2%2Fcomments&post=6"}],"version-history":[{"count":79,"href":"https:\/\/ogv-floss.de\/index.php?rest_route=\/wp\/v2\/pages\/6\/revisions"}],"predecessor-version":[{"id":2206,"href":"https:\/\/ogv-floss.de\/index.php?rest_route=\/wp\/v2\/pages\/6\/revisions\/2206"}],"wp:attachment":[{"href":"https:\/\/ogv-floss.de\/index.php?rest_route=%2Fwp%2Fv2%2Fmedia&parent=6"}],"curies":[{"name":"wp","href":"https:\/\/api.w.org\/{rel}","templated":true}]}}