{"id":420,"date":"2021-06-03T10:23:25","date_gmt":"2021-06-03T08:23:25","guid":{"rendered":"https:\/\/ogv-floss.de\/?page_id=420"},"modified":"2023-03-21T21:00:01","modified_gmt":"2023-03-21T20:00:01","slug":"gartenkraehen","status":"publish","type":"page","link":"https:\/\/ogv-floss.de\/?page_id=420","title":{"rendered":"Gartenkr\u00e4hen"},"content":{"rendered":"\n<div class=\"wp-block-getwid-section hbild alignfull getwid-anim fadeIn\" data-wow-duration=\"2000ms\" data-wow-delay=\"100ms\"><div class=\"wp-block-getwid-section__wrapper\" style=\"min-height:55vh\"><div class=\"wp-block-getwid-section__inner-wrapper\"><div class=\"wp-block-getwid-section__background-holder\"><div class=\"wp-block-getwid-section__background\" style=\"background-image:url('https:\/\/ogv-floss.de\/wp-content\/uploads\/2021\/08\/FotoleisteGa-1-scaled.jpg');background-position:82% 63%\"><div class=\"wp-block-getwid-section__background-image-wrapper\"><img decoding=\"async\" class=\"wp-block-getwid-section__background-image\" src=\"https:\/\/ogv-floss.de\/wp-content\/uploads\/2021\/08\/FotoleisteGa-1-scaled.jpg\" alt=\"\"\/><\/div><\/div><div class=\"wp-block-getwid-section__foreground\"><\/div><\/div><div class=\"wp-block-getwid-section__content\"><div class=\"wp-block-getwid-section__inner-content\"><\/div><\/div><\/div><\/div><\/div>\n\n\n\n<div class=\"wp-block-getwid-section ogheading alignwide alignwide getwid-anim fadeInDown getwid-section-content-custom-width advgb-dyn-89958fa8\" data-wow-duration=\"2000ms\" data-wow-delay=\"50ms\"><div class=\"wp-block-getwid-section__wrapper\" style=\"min-height:12vh\"><div class=\"wp-block-getwid-section__inner-wrapper\" style=\"max-width:1000px\"><div class=\"wp-block-getwid-section__background-holder\"><div class=\"wp-block-getwid-section__background has-background\" style=\"background-color:#acc600\"><\/div><div class=\"wp-block-getwid-section__foreground\" style=\"mix-blend-mode:\"><\/div><\/div><div class=\"wp-block-getwid-section__content\"><div class=\"wp-block-getwid-section__inner-content\">\n<h1 class=\"has-text-align-left has-nv-c-2-color has-text-color wp-block-heading\">Obst- und Gartenbauverein Flo\u00df und Umgebung<\/h1>\n<\/div><\/div><\/div><\/div><\/div>\n\n\n\n<div class=\"wp-block-getwid-section whiteog alignwide alignwide getwid-anim fadeInUp getwid-section-content-custom-width advgb-dyn-38abfbbd\" data-wow-duration=\"1500ms\" data-wow-delay=\"50ms\"><div class=\"wp-block-getwid-section__wrapper getwid-align-items-flex-start\" style=\"min-height:50vh\"><div class=\"wp-block-getwid-section__inner-wrapper\" style=\"max-width:1000px\"><div class=\"wp-block-getwid-section__background-holder\"><div class=\"wp-block-getwid-section__background has-background has-nv-text-dark-bg-background-color\"><\/div><div class=\"wp-block-getwid-section__foreground\"><\/div><\/div><div class=\"wp-block-getwid-section__content\"><div class=\"wp-block-getwid-section__inner-content\">\n<h2 class=\"has-nv-c-1-color has-text-color wp-block-heading\">Die Flosser Gartenkr\u00e4hen<\/h2>\n\n\n\n<h3 class=\"has-nv-c-1-color has-text-color wp-block-heading\">Geschichte<\/h3>\n\n\n\n<p>Seit August 2011 gibt es die Kinder- und Jugendgruppe des OGV Flo\u00df und Umgebung &#8211; \u201eDie Flosser Gartenkr\u00e4hen\u201c.<br>Den Ansto\u00df dazu gab Nicole Venzl, die sich Ausschussmitglied Christine Schreiber an die Seite holte. Die beiden Gr\u00fcnderinnen der Kindergruppe besuchten im November 2010 ein Seminar des Landesverbands &#8211; und so nahm alles seinen Lauf. Zum ersten Mal trafen sich 26 Kinder am 26. M\u00e4rz 2011 im Kreislehrgarten. Der Garten bietet die idealen Voraussetzungen f\u00fcr die Arbeit mit Kindern: Bachlauf, Sinnesspirale, Lehmbackofen, Streuobstwiese, Kr\u00e4utergarten, Bauerngarten, Hochbeet und nicht zuletzt der R\u00e4uberpfad mit Vogelnest.<\/p>\n\n\n\n<p>Die Kinder erarbeiteten bei den ersten Treffen ein Logo und suchten nach einem geeigneten Namen. Die Flosser Gartenkr\u00e4hen \u2013 das bezieht sich darauf, dass die Flosser auch \u201eKrouan\u201c also Kr\u00e4hen genannt werden. Im August gab es dann ein gro\u00dfes Gr\u00fcndungsfest, zu dem auch die Eltern und Politiker des Marktes eingeladen waren. Gartenkr\u00e4he darf jedes Kind zwischen 5 und 14 Jahren sein.<\/p>\n\n\n\n<p>Seit 2011 hat sich die Mitgliederzahl auf 35 Kinder eingependelt. Meist sind bei den Treffen 20 bis 25 Kinder anwesend. Und dann wird ges\u00e4t, gepflanzt, geerntet, gebastelt, gemalt, spannenden Vortr\u00e4gen oder Geschichten gelauscht, gesungen, gekocht und gefeiert. Auch Brauchtum, M\u00e4rchen und Sagen aus der Region spielen eine Rolle.<\/p>\n\n\n\n<h3 class=\"has-nv-c-1-color has-text-color wp-block-heading\">Philosophie und Ziele<\/h3>\n\n\n\n<p><strong>Entwicklung<\/strong><\/p>\n\n\n\n<p>In einem gesch\u00fctzten Gartenraum kann sich ein junger Mensch frei und unbeschwert entwickeln &#8211; durch die Erfahrungen mit und in der Natur, die mit allen Sinnen verinnerlicht werden. Anders als auf abstrakten, digitalen Plattformen k\u00f6nnen Kinder im gesch\u00fctzten Gartenraum in der Erde w\u00fchlen, D\u00fcfte wahrnehmen, Tiere beobachten, Ger\u00e4uschen lauschen und Flora und Fauna hautnah erleben. Ob sich etwas sch\u00f6n anf\u00fchlt oder ekelig ist, ob etwas duftet oder stinkt, ob etwas pikst oder kratzt, wo man sich Schrammen holt oder wo man sich wohlf\u00fchlt &#8211; das kann man nur in der Natur erfahren. So k\u00f6nnen Kinder das erlebte f\u00fcr immer verinnerlichen. Ein gesundes Selbstbewusstsein, Empathie f\u00fcr ihre Mitwelt und ihre Mitmenschen sowie Kreativit\u00e4t und Ausdauer k\u00f6nnen die Kinder entwickeln und sind somit f\u00fcr die Zukunft der Gesellschaft ein solides Fundament. Der Kreislehrgarten des Landkreises Neustadt an der Waldnaab bietet die besten Voraussetzungen daf\u00fcr. Aber die Gartenkr\u00e4hen fliegen auch aus und machen in die n\u00e4here und weitere Umgebung Erkundungs-Ausfl\u00fcge und Wanderungen.<\/p>\n\n\n\n<p><strong>Naturp\u00e4dagogik<\/strong><\/p>\n\n\n\n<p><strong>Gemeinschaft<\/strong><\/p>\n\n\n\n<p>Ein Ziel ist auch die F\u00f6rderung von Gemeinschaft und die Sicherung der Zukunft des Vereins. Wichtig ist, dass alle Spa\u00df und Freude bei den Treffen haben. Grundprinzip ist die freie Entscheidung, bei Aktionen mitzumachen oder eben auch nicht, das sollen die Kinder frei entscheiden k\u00f6nnen. Die Betreuerinnen versuchen, auf die einzelnen Bed\u00fcrfnisse der Kleinen einzugehen, sie zu motivieren und zu unterst\u00fctzen. Es besteht keinerlei Leistungsdruck. Im Garten gibt es gen\u00fcgend Freir\u00e4ume und M\u00f6glichkeiten, um sich wohlzuf\u00fchlen. Allerdings gibt es auch zehn Gartenregeln, die alle einhalten m\u00fcssen. Um dies alles zu gew\u00e4hrleisten, absolvieren die Betreuerinnen immer wieder Weiterbildungs-Kurse, die von <a href=\"http:\/\/www.umweltbildung-bayern.de\" data-type=\"URL\" data-id=\"www.umweltbildung-bayern.de\">Umweltstationen<\/a> oder vom <a href=\"http:\/\/www.gartenbauvereine.org\" data-type=\"URL\" data-id=\"www.gartenbauvereine.org\">Landesverband<\/a> angeboten werden.<\/p>\n\n\n\n<figure class=\"wp-block-image alignwide size-full bildbreit\"><img loading=\"lazy\" decoding=\"async\" width=\"2560\" height=\"1707\" src=\"https:\/\/ogv-floss.de\/wp-content\/uploads\/2021\/09\/IMG_5357_compressed-scaled.jpg\" alt=\"\" class=\"wp-image-1637\" srcset=\"https:\/\/ogv-floss.de\/wp-content\/uploads\/2021\/09\/IMG_5357_compressed-scaled.jpg 2560w, https:\/\/ogv-floss.de\/wp-content\/uploads\/2021\/09\/IMG_5357_compressed-300x200.jpg 300w, https:\/\/ogv-floss.de\/wp-content\/uploads\/2021\/09\/IMG_5357_compressed-1024x683.jpg 1024w, https:\/\/ogv-floss.de\/wp-content\/uploads\/2021\/09\/IMG_5357_compressed-768x512.jpg 768w, https:\/\/ogv-floss.de\/wp-content\/uploads\/2021\/09\/IMG_5357_compressed-1536x1024.jpg 1536w, https:\/\/ogv-floss.de\/wp-content\/uploads\/2021\/09\/IMG_5357_compressed-2048x1365.jpg 2048w, https:\/\/ogv-floss.de\/wp-content\/uploads\/2021\/09\/IMG_5357_compressed-930x620.jpg 930w\" sizes=\"auto, (max-width: 2560px) 100vw, 2560px\" \/><\/figure>\n\n\n\n<p>Die Gr\u00fcnderinnen Nicole Venzl und Christine Schreiber<br>mit Sigrid Strobel und Nadine Gralla-Sommer<\/p>\n\n\n\n<h3 class=\"has-nv-c-1-color has-text-color wp-block-heading\">Aktionen<\/h3>\n\n\n\n<p>Das Programm ist unter der Rubrik Jahresprogramm einzusehen.<\/p>\n\n\n\n<p>Eine freundschaftliche Verbindung besteht zur Kindergruppe des OGV Neustadt am Kulm und zur Kindergruppe des OGV Weiden \u201eDie Zaunk\u00f6nige\u201c.  Gemeinsam wurden mehrere Spieletage organisiert. Auch Ausfl\u00fcge stehen bei den Gartenkr\u00e4hen immer wieder auf dem Programm. Ob ins <span class=\"has-inline-color has-neve-link-hover-color-color\"><strong>Freilandmuseum Neusath &#8211; Perschen<\/strong><\/span> oder Wanderungen in die n\u00e4here Umgebung \u2013 es gibt immer vieles zu erleben.<\/p>\n\n\n\n<p>2013 wurden die Flosser Gartenkr\u00e4hen mit dem Umweltpreis des <span class=\"has-inline-color has-neve-link-hover-color-color\"><strong>Landratsamtes Neustadt an der Waldnaab<\/strong><\/span> ausgezeichnet. Nat\u00fcrlich waren einige Kinder bei der Preisverleihung mit dabei und pr\u00e4sentierten gleich selbst, was sie so alles gemacht haben.<\/p>\n\n\n\n<p>2017 bekamen die beiden Betreuerinnen Nicole Venzl und Christine Schreiber die Auszeichnung \u201eDer gr\u00fcne Engel\u201c des <span class=\"has-inline-color has-neve-link-hover-color-color\"><strong>Staatsministeriums f\u00fcr Umwelt- und Verbraucherschutz in Bayern<\/strong><\/span> bei einem Festakt im <span class=\"has-inline-color has-neve-link-hover-color-color\"><strong>Spiegelsaal des Geb\u00e4udes der Regierung Oberpfalz<\/strong><\/span> in Regensburg \u00fcberreicht.<\/p>\n\n\n\n<p>2018 war ganz gepr\u00e4gt von Aktionen f\u00fcr den Wettbewerb des Landesverbands Streuobstvielfalt bei\u00df rein. Bei jedem Treffen wurden Aktionen, die etwas mit Streuobst zu tun haben, umgesetzt. Schwerpunkte waren hier die Themen Artenschutz in der Streuobstwiese, Nistkastenbau, ein Veredelungskurs mit Dietmar Kledtke, Pflanzen einer Obstbaumallee entlang des Bocklradwegs, Apfelernte, Apfelkuchen backen und vieles mehr. Das Projekt pr\u00e4sentierten die beiden Betreuerinnen Nicole Venzl und Christine Schreiber vor der Jury im November 2018 in Neustadt. Bei einem Garten- und Familienfest gab es dann im Juni 2019 die Preisverleihung. Die Flosser Gartenkr\u00e4hen belegten mit ihrem Projekt den zweiten Platz und gewannen eine kleine Obstpresse, die sie im Herbst bei der Apfelernte gleich ausprobierten.<\/p>\n\n\n\n<p>Bereits dreimal nahm die Kindergruppe an Festz\u00fcgen im Markt Flo\u00df teil.<\/p>\n\n\n\n<p>Die Obstbaumallee am Radweg wird regelm\u00e4\u00dfig gepflegt. Ob gie\u00dfen oder Obstbaumschnitt \u2013 die Kinder haben die Patenschaft f\u00fcr den von ihnen im Team gepflanzten Baum \u00fcbernommen.<\/p>\n\n\n\n<p><\/p>\n\n\n\n<h3 class=\"has-nv-c-1-color has-text-color wp-block-heading\">Weitere Informationsplattformen<\/h3>\n\n\n\n<p>Alle aktuellen Infos und Foto-R\u00fcckblicke werden immer im Schaukasten am Marktplatz in Flo\u00df sowie in der neuen Infoh\u00fctte im Kreislehrgarten ausgeh\u00e4ngt.<\/p>\n<\/div><\/div><\/div><\/div><\/div>\n","protected":false},"excerpt":{"rendered":"","protected":false},"author":2,"featured_media":0,"parent":0,"menu_order":0,"comment_status":"closed","ping_status":"closed","template":"page-templates\/template-pagebuilder-full-width.php","meta":{"advgb_blocks_editor_width":"","advgb_blocks_columns_visual_guide":"","neve_meta_sidebar":"","neve_meta_container":"","neve_meta_enable_content_width":"on","neve_meta_content_width":100,"neve_meta_title_alignment":"","neve_meta_author_avatar":"","neve_post_elements_order":"","neve_meta_disable_header":"","neve_meta_disable_footer":"","neve_meta_disable_title":"on","pgc_sgb_lightbox_settings":"","_themeisle_gutenberg_block_has_review":false,"footnotes":""},"class_list":["post-420","page","type-page","status-publish","hentry"],"coauthors":[],"author_meta":{"author_link":"https:\/\/ogv-floss.de\/?author=2","display_name":"Jonathan"},"relative_dates":{"created":"Ver\u00f6ffentlicht 5\u00a0Jahren vor","modified":"Aktualisiert 3\u00a0Jahren vor"},"absolute_dates":{"created":"Ver\u00f6ffentlicht am 3. Juni 2021","modified":"Aktualisiert am 21. M\u00e4rz 2023"},"absolute_dates_time":{"created":"Ver\u00f6ffentlicht am 3. Juni 2021 10:23","modified":"Aktualisiert am 21. M\u00e4rz 2023 21:00"},"featured_img_caption":"","featured_img":false,"series_order":"","_links":{"self":[{"href":"https:\/\/ogv-floss.de\/index.php?rest_route=\/wp\/v2\/pages\/420","targetHints":{"allow":["GET"]}}],"collection":[{"href":"https:\/\/ogv-floss.de\/index.php?rest_route=\/wp\/v2\/pages"}],"about":[{"href":"https:\/\/ogv-floss.de\/index.php?rest_route=\/wp\/v2\/types\/page"}],"author":[{"embeddable":true,"href":"https:\/\/ogv-floss.de\/index.php?rest_route=\/wp\/v2\/users\/2"}],"replies":[{"embeddable":true,"href":"https:\/\/ogv-floss.de\/index.php?rest_route=%2Fwp%2Fv2%2Fcomments&post=420"}],"version-history":[{"count":48,"href":"https:\/\/ogv-floss.de\/index.php?rest_route=\/wp\/v2\/pages\/420\/revisions"}],"predecessor-version":[{"id":1941,"href":"https:\/\/ogv-floss.de\/index.php?rest_route=\/wp\/v2\/pages\/420\/revisions\/1941"}],"wp:attachment":[{"href":"https:\/\/ogv-floss.de\/index.php?rest_route=%2Fwp%2Fv2%2Fmedia&parent=420"}],"curies":[{"name":"wp","href":"https:\/\/api.w.org\/{rel}","templated":true}]}}